{"id":14209,"date":"2019-02-13T08:45:48","date_gmt":"2019-02-13T13:45:48","guid":{"rendered":"http:\/\/lamaisonducinema.com\/?post_type=movie&#038;p=14209"},"modified":"2019-02-13T08:45:48","modified_gmt":"2019-02-13T13:45:48","slug":"remi-sans-famille","status":"publish","type":"movie","link":"https:\/\/lamaisonducinema.com\/en\/movie\/remi-sans-famille\/","title":{"rendered":"R\u00e9mi sans famille"},"content":{"rendered":"<p>The adventures of the young R\u00e9mi, an orphan, collected by the gentle Madam Barberin. At the age of 10 years, he is snatched from his adoptive mother and entrusted to the signor Vitalis, a mysterious itinerant musician. Has its sides, he will learn the harsh life of acrobat and sing to win his bread. Accompanied by the faithful dog capi and of the small monkey Joli-Coeur, his long trip through France, made for meetings, friendships and mutual assistance, leads him to the secret of its origins.<\/p>\n","protected":false},"featured_media":14206,"comment_status":"closed","ping_status":"closed","template":"","actor":[],"class_list":["post-14209","movie","type-movie","status-publish","has-post-thumbnail","hentry","genre-adventure-en","genre-family","classification-en-attente-de-classement-en"],"wpcf-titre-original":"","wpcf-realisation":"Antoine Blossier","acteurs":"Daniel Auteuil\r\nMaleaume Paquin\r\nVirginie Ledoyen","pays":"France","distributeur":"Mars Films","wpcf-date-de-sortie":1555632000,"wpcf-date-de-sortie-en-texte":"","wpcf-duree-du-film":"109","wpcf-flag-laissez-passer-refuse":false,"wpcf-flag-custom":"","photos":false,"nominations":false,"wpcf-bande-annonce-fr":"N7DRjkreYj0","wpcf-bande-annonce-en":"","critiques":null,"classification":["Not classified yet"],"indication":[],"_custom_thumbnail":{"url":null,"top":null,"left":null},"document_pedagogique":null,"dossier_de_presse":null,"acf":[],"yoast_head":"<!-- This site is optimized with the Yoast SEO plugin v27.5 - https:\/\/yoast.com\/product\/yoast-seo-wordpress\/ -->\n<title>R\u00e9mi sans famille - La maison du cin\u00e9ma<\/title>\n<meta name=\"robots\" content=\"index, follow, max-snippet:-1, max-image-preview:large, max-video-preview:-1\" \/>\n<link rel=\"canonical\" href=\"https:\/\/lamaisonducinema.com\/en\/movie\/remi-sans-famille\/\" \/>\n<meta property=\"og:locale\" content=\"en_US\" \/>\n<meta property=\"og:type\" content=\"article\" \/>\n<meta property=\"og:title\" content=\"R\u00e9mi sans famille - La maison du cin\u00e9ma\" \/>\n<meta property=\"og:description\" content=\"The adventures of the young R\u00e9mi, an orphan, collected by the gentle Madam Barberin. At the age of 10 years, he is snatched from his adoptive mother and entrusted to the signor Vitalis, a mysterious itinerant musician. Has its sides, he will learn the harsh life of acrobat and sing to win his bread. Accompanied [&hellip;]\" \/>\n<meta property=\"og:url\" content=\"https:\/\/lamaisonducinema.com\/en\/movie\/remi-sans-famille\/\" \/>\n<meta property=\"og:site_name\" content=\"La maison du cin\u00e9ma\" \/>\n<meta property=\"article:publisher\" content=\"https:\/\/www.facebook.com\/maisonducinema\/\" \/>\n<meta property=\"og:image\" content=\"https:\/\/lamaisonducinema.com\/wp-content\/uploads\/remisansfamille_banner.jpg\" \/>\n\t<meta property=\"og:image:width\" content=\"1170\" \/>\n\t<meta property=\"og:image:height\" content=\"470\" \/>\n\t<meta property=\"og:image:type\" content=\"image\/jpeg\" \/>\n<script type=\"application\/ld+json\" class=\"yoast-schema-graph\">{\"@context\":\"https:\\\/\\\/schema.org\",\"@graph\":[{\"@type\":\"WebPage\",\"@id\":\"https:\\\/\\\/lamaisonducinema.com\\\/en\\\/movie\\\/remi-sans-famille\\\/\",\"url\":\"https:\\\/\\\/lamaisonducinema.com\\\/en\\\/movie\\\/remi-sans-famille\\\/\",\"name\":\"R\u00e9mi sans famille - La maison du cin\u00e9ma\",\"isPartOf\":{\"@id\":\"https:\\\/\\\/lamaisonducinema.com\\\/en\\\/#website\"},\"primaryImageOfPage\":{\"@id\":\"https:\\\/\\\/lamaisonducinema.com\\\/en\\\/movie\\\/remi-sans-famille\\\/#primaryimage\"},\"image\":{\"@id\":\"https:\\\/\\\/lamaisonducinema.com\\\/en\\\/movie\\\/remi-sans-famille\\\/#primaryimage\"},\"thumbnailUrl\":\"https:\\\/\\\/lamaisonducinema.com\\\/wp-content\\\/uploads\\\/2025\\\/11\\\/remisansfamille_banner.jpg\",\"datePublished\":\"2019-02-13T13:45:48+00:00\",\"breadcrumb\":{\"@id\":\"https:\\\/\\\/lamaisonducinema.com\\\/en\\\/movie\\\/remi-sans-famille\\\/#breadcrumb\"},\"inLanguage\":\"en-US\",\"potentialAction\":[{\"@type\":\"ReadAction\",\"target\":[\"https:\\\/\\\/lamaisonducinema.com\\\/en\\\/movie\\\/remi-sans-famille\\\/\"]}]},{\"@type\":\"ImageObject\",\"inLanguage\":\"en-US\",\"@id\":\"https:\\\/\\\/lamaisonducinema.com\\\/en\\\/movie\\\/remi-sans-famille\\\/#primaryimage\",\"url\":\"https:\\\/\\\/lamaisonducinema.com\\\/wp-content\\\/uploads\\\/2025\\\/11\\\/remisansfamille_banner.jpg\",\"contentUrl\":\"https:\\\/\\\/lamaisonducinema.com\\\/wp-content\\\/uploads\\\/2025\\\/11\\\/remisansfamille_banner.jpg\",\"width\":1170,\"height\":470},{\"@type\":\"BreadcrumbList\",\"@id\":\"https:\\\/\\\/lamaisonducinema.com\\\/en\\\/movie\\\/remi-sans-famille\\\/#breadcrumb\",\"itemListElement\":[{\"@type\":\"ListItem\",\"position\":1,\"name\":\"Accueil\",\"item\":\"https:\\\/\\\/lamaisonducinema.com\\\/en\\\/\"},{\"@type\":\"ListItem\",\"position\":2,\"name\":\"R\u00e9mi sans famille\"}]},{\"@type\":\"WebSite\",\"@id\":\"https:\\\/\\\/lamaisonducinema.com\\\/en\\\/#website\",\"url\":\"https:\\\/\\\/lamaisonducinema.com\\\/en\\\/\",\"name\":\"La maison du cin\u00e9ma\",\"description\":\"Cin\u00e9ma au centre-ville de Sherbrooke\",\"publisher\":{\"@id\":\"https:\\\/\\\/lamaisonducinema.com\\\/en\\\/#organization\"},\"potentialAction\":[{\"@type\":\"SearchAction\",\"target\":{\"@type\":\"EntryPoint\",\"urlTemplate\":\"https:\\\/\\\/lamaisonducinema.com\\\/en\\\/?s={search_term_string}\"},\"query-input\":{\"@type\":\"PropertyValueSpecification\",\"valueRequired\":true,\"valueName\":\"search_term_string\"}}],\"inLanguage\":\"en-US\"},{\"@type\":\"Organization\",\"@id\":\"https:\\\/\\\/lamaisonducinema.com\\\/en\\\/#organization\",\"name\":\"La maison du cin\u00e9ma\",\"url\":\"https:\\\/\\\/lamaisonducinema.com\\\/en\\\/\",\"logo\":{\"@type\":\"ImageObject\",\"inLanguage\":\"en-US\",\"@id\":\"https:\\\/\\\/lamaisonducinema.com\\\/en\\\/#\\\/schema\\\/logo\\\/image\\\/\",\"url\":\"https:\\\/\\\/lamaisonducinema.com\\\/wp-content\\\/uploads\\\/logo.png\",\"contentUrl\":\"https:\\\/\\\/lamaisonducinema.com\\\/wp-content\\\/uploads\\\/logo.png\",\"width\":217,\"height\":30,\"caption\":\"La maison du cin\u00e9ma\"},\"image\":{\"@id\":\"https:\\\/\\\/lamaisonducinema.com\\\/en\\\/#\\\/schema\\\/logo\\\/image\\\/\"},\"sameAs\":[\"https:\\\/\\\/www.facebook.com\\\/maisonducinema\\\/\"]}]}<\/script>\n<!-- \/ Yoast SEO plugin. -->","yoast_head_json":{"title":"R\u00e9mi sans famille - La maison du cin\u00e9ma","robots":{"index":"index","follow":"follow","max-snippet":"max-snippet:-1","max-image-preview":"max-image-preview:large","max-video-preview":"max-video-preview:-1"},"canonical":"https:\/\/lamaisonducinema.com\/en\/movie\/remi-sans-famille\/","og_locale":"en_US","og_type":"article","og_title":"R\u00e9mi sans famille - La maison du cin\u00e9ma","og_description":"The adventures of the young R\u00e9mi, an orphan, collected by the gentle Madam Barberin. At the age of 10 years, he is snatched from his adoptive mother and entrusted to the signor Vitalis, a mysterious itinerant musician. Has its sides, he will learn the harsh life of acrobat and sing to win his bread. Accompanied [&hellip;]","og_url":"https:\/\/lamaisonducinema.com\/en\/movie\/remi-sans-famille\/","og_site_name":"La maison du cin\u00e9ma","article_publisher":"https:\/\/www.facebook.com\/maisonducinema\/","og_image":[{"width":1170,"height":470,"url":"https:\/\/lamaisonducinema.com\/wp-content\/uploads\/remisansfamille_banner.jpg","type":"image\/jpeg"}],"schema":{"@context":"https:\/\/schema.org","@graph":[{"@type":"WebPage","@id":"https:\/\/lamaisonducinema.com\/en\/movie\/remi-sans-famille\/","url":"https:\/\/lamaisonducinema.com\/en\/movie\/remi-sans-famille\/","name":"R\u00e9mi sans famille - La maison du cin\u00e9ma","isPartOf":{"@id":"https:\/\/lamaisonducinema.com\/en\/#website"},"primaryImageOfPage":{"@id":"https:\/\/lamaisonducinema.com\/en\/movie\/remi-sans-famille\/#primaryimage"},"image":{"@id":"https:\/\/lamaisonducinema.com\/en\/movie\/remi-sans-famille\/#primaryimage"},"thumbnailUrl":"https:\/\/lamaisonducinema.com\/wp-content\/uploads\/2025\/11\/remisansfamille_banner.jpg","datePublished":"2019-02-13T13:45:48+00:00","breadcrumb":{"@id":"https:\/\/lamaisonducinema.com\/en\/movie\/remi-sans-famille\/#breadcrumb"},"inLanguage":"en-US","potentialAction":[{"@type":"ReadAction","target":["https:\/\/lamaisonducinema.com\/en\/movie\/remi-sans-famille\/"]}]},{"@type":"ImageObject","inLanguage":"en-US","@id":"https:\/\/lamaisonducinema.com\/en\/movie\/remi-sans-famille\/#primaryimage","url":"https:\/\/lamaisonducinema.com\/wp-content\/uploads\/2025\/11\/remisansfamille_banner.jpg","contentUrl":"https:\/\/lamaisonducinema.com\/wp-content\/uploads\/2025\/11\/remisansfamille_banner.jpg","width":1170,"height":470},{"@type":"BreadcrumbList","@id":"https:\/\/lamaisonducinema.com\/en\/movie\/remi-sans-famille\/#breadcrumb","itemListElement":[{"@type":"ListItem","position":1,"name":"Accueil","item":"https:\/\/lamaisonducinema.com\/en\/"},{"@type":"ListItem","position":2,"name":"R\u00e9mi sans famille"}]},{"@type":"WebSite","@id":"https:\/\/lamaisonducinema.com\/en\/#website","url":"https:\/\/lamaisonducinema.com\/en\/","name":"La maison du cin\u00e9ma","description":"Cin\u00e9ma au centre-ville de Sherbrooke","publisher":{"@id":"https:\/\/lamaisonducinema.com\/en\/#organization"},"potentialAction":[{"@type":"SearchAction","target":{"@type":"EntryPoint","urlTemplate":"https:\/\/lamaisonducinema.com\/en\/?s={search_term_string}"},"query-input":{"@type":"PropertyValueSpecification","valueRequired":true,"valueName":"search_term_string"}}],"inLanguage":"en-US"},{"@type":"Organization","@id":"https:\/\/lamaisonducinema.com\/en\/#organization","name":"La maison du cin\u00e9ma","url":"https:\/\/lamaisonducinema.com\/en\/","logo":{"@type":"ImageObject","inLanguage":"en-US","@id":"https:\/\/lamaisonducinema.com\/en\/#\/schema\/logo\/image\/","url":"https:\/\/lamaisonducinema.com\/wp-content\/uploads\/logo.png","contentUrl":"https:\/\/lamaisonducinema.com\/wp-content\/uploads\/logo.png","width":217,"height":30,"caption":"La maison du cin\u00e9ma"},"image":{"@id":"https:\/\/lamaisonducinema.com\/en\/#\/schema\/logo\/image\/"},"sameAs":["https:\/\/www.facebook.com\/maisonducinema\/"]}]}},"_links":{"self":[{"href":"https:\/\/lamaisonducinema.com\/en\/wp-json\/wp\/v2\/movie\/14209","targetHints":{"allow":["GET"]}}],"collection":[{"href":"https:\/\/lamaisonducinema.com\/en\/wp-json\/wp\/v2\/movie"}],"about":[{"href":"https:\/\/lamaisonducinema.com\/en\/wp-json\/wp\/v2\/types\/movie"}],"replies":[{"embeddable":true,"href":"https:\/\/lamaisonducinema.com\/en\/wp-json\/wp\/v2\/comments?post=14209"}],"wp:featuredmedia":[{"embeddable":true,"href":"https:\/\/lamaisonducinema.com\/en\/wp-json\/wp\/v2\/media\/14206"}],"wp:attachment":[{"href":"https:\/\/lamaisonducinema.com\/en\/wp-json\/wp\/v2\/media?parent=14209"}],"wp:term":[{"taxonomy":"actor","embeddable":true,"href":"https:\/\/lamaisonducinema.com\/en\/wp-json\/wp\/v2\/actor?post=14209"}],"curies":[{"name":"wp","href":"https:\/\/api.w.org\/{rel}","templated":true}]}}

Rémi sans famille

<p>The adventures of the young Rémi, an orphan, collected by the gentle Madam Barberin. At the age of 10 years, he is snatched from his adoptive mother and entrusted to the signor Vitalis, a mysterious itinerant musician. Has its sides, he will learn the harsh life of acrobat and sing to win his bread. Accompanied by the faithful dog capi and of the small monkey Joli-Coeur, his long trip through France, made for meetings, friendships and mutual assistance, leads him to the secret of its origins.</p>

<!-- This site is optimized with the Yoast SEO plugin v27.5 - https://yoast.com/product/yoast-seo-wordpress/ -->
<title>Rémi sans famille - La maison du cinéma</title>
<meta name="robots" content="index, follow, max-snippet:-1, max-image-preview:large, max-video-preview:-1" />
<link rel="canonical" href="https://lamaisonducinema.com/en/movie/remi-sans-famille/" />
<meta property="og:locale" content="en_US" />
<meta property="og:type" content="article" />
<meta property="og:title" content="Rémi sans famille - La maison du cinéma" />
<meta property="og:description" content="The adventures of the young Rémi, an orphan, collected by the gentle Madam Barberin. At the age of 10 years, he is snatched from his adoptive mother and entrusted to the signor Vitalis, a mysterious itinerant musician. Has its sides, he will learn the harsh life of acrobat and sing to win his bread. Accompanied [&hellip;]" />
<meta property="og:url" content="https://lamaisonducinema.com/en/movie/remi-sans-famille/" />
<meta property="og:site_name" content="La maison du cinéma" />
<meta property="article:publisher" content="https://www.facebook.com/maisonducinema/" />
<meta property="og:image" content="https://lamaisonducinema.com/wp-content/uploads/remisansfamille_banner.jpg" />
	<meta property="og:image:width" content="1170" />
	<meta property="og:image:height" content="470" />
	<meta property="og:image:type" content="image/jpeg" />
<script type="application/ld+json" class="yoast-schema-graph">{"@context":"https:\/\/schema.org","@graph":[{"@type":"WebPage","@id":"https:\/\/lamaisonducinema.com\/en\/movie\/remi-sans-famille\/","url":"https:\/\/lamaisonducinema.com\/en\/movie\/remi-sans-famille\/","name":"Rémi sans famille - La maison du cinéma","isPartOf":{"@id":"https:\/\/lamaisonducinema.com\/en\/#website"},"primaryImageOfPage":{"@id":"https:\/\/lamaisonducinema.com\/en\/movie\/remi-sans-famille\/#primaryimage"},"image":{"@id":"https:\/\/lamaisonducinema.com\/en\/movie\/remi-sans-famille\/#primaryimage"},"thumbnailUrl":"https:\/\/lamaisonducinema.com\/wp-content\/uploads\/2025\/11\/remisansfamille_banner.jpg","datePublished":"2019-02-13T13:45:48+00:00","breadcrumb":{"@id":"https:\/\/lamaisonducinema.com\/en\/movie\/remi-sans-famille\/#breadcrumb"},"inLanguage":"en-US","potentialAction":[{"@type":"ReadAction","target":["https:\/\/lamaisonducinema.com\/en\/movie\/remi-sans-famille\/"]}]},{"@type":"ImageObject","inLanguage":"en-US","@id":"https:\/\/lamaisonducinema.com\/en\/movie\/remi-sans-famille\/#primaryimage","url":"https:\/\/lamaisonducinema.com\/wp-content\/uploads\/2025\/11\/remisansfamille_banner.jpg","contentUrl":"https:\/\/lamaisonducinema.com\/wp-content\/uploads\/2025\/11\/remisansfamille_banner.jpg","width":1170,"height":470},{"@type":"BreadcrumbList","@id":"https:\/\/lamaisonducinema.com\/en\/movie\/remi-sans-famille\/#breadcrumb","itemListElement":[{"@type":"ListItem","position":1,"name":"Accueil","item":"https:\/\/lamaisonducinema.com\/en\/"},{"@type":"ListItem","position":2,"name":"Rémi sans famille"}]},{"@type":"WebSite","@id":"https:\/\/lamaisonducinema.com\/en\/#website","url":"https:\/\/lamaisonducinema.com\/en\/","name":"La maison du cinéma","description":"Cinéma au centre-ville de Sherbrooke","publisher":{"@id":"https:\/\/lamaisonducinema.com\/en\/#organization"},"potentialAction":[{"@type":"SearchAction","target":{"@type":"EntryPoint","urlTemplate":"https:\/\/lamaisonducinema.com\/en\/?s={search_term_string}"},"query-input":{"@type":"PropertyValueSpecification","valueRequired":true,"valueName":"search_term_string"}}],"inLanguage":"en-US"},{"@type":"Organization","@id":"https:\/\/lamaisonducinema.com\/en\/#organization","name":"La maison du cinéma","url":"https:\/\/lamaisonducinema.com\/en\/","logo":{"@type":"ImageObject","inLanguage":"en-US","@id":"https:\/\/lamaisonducinema.com\/en\/#\/schema\/logo\/image\/","url":"https:\/\/lamaisonducinema.com\/wp-content\/uploads\/logo.png","contentUrl":"https:\/\/lamaisonducinema.com\/wp-content\/uploads\/logo.png","width":217,"height":30,"caption":"La maison du cinéma"},"image":{"@id":"https:\/\/lamaisonducinema.com\/en\/#\/schema\/logo\/image\/"},"sameAs":["https:\/\/www.facebook.com\/maisonducinema\/"]}]}</script>
<!-- / Yoast SEO plugin. -->

Rémi sans famille - La maison du cinéma

The adventures of the young Rémi, an orphan, collected by the gentle Madam Barberin. At the age of 10 years, he is snatched from his adoptive mother and entrusted to the signor Vitalis, a mysterious itinerant musician. Has its sides, he will learn the harsh life of acrobat and sing to win his bread. Accompanied [&hellip;]

La maison du cinéma

Cinéma au centre-ville de Sherbrooke
